0. Let l be -2 - (-64)/z*6. What is the greatest common divisor of l and 10?
10
Let u be 27/(-270) + 6722/20. What is the greatest common factor of 240 and u?
48
Let g(u) = u. Let z(w) = 2*w + 3. Let r(s) = -3*g(s) + z(s). Let l be r(-7). Suppose -2 = -4*m + l. Calculate the greatest common divisor of m and 21.
3
Let l be 1/(-4) - (-322)/8. Let f(p) = 2*p**2 - 8*p - 14. Let h be f(-2). Calculate the highest common factor of h and l.
10
Suppose -4*k + 2*y = 0, -2*y = 4*k - 3 - 13. Let m be ((-1176)/(-9))/k + (-8)/(-12). Calculate the greatest common divisor of m and 44.
22
Suppose 2*k + 7 - 1 = 0, -5*k = -2*c + 81. Suppose 40 = n - l, 2*n - 2*l - 36 = n. What is the greatest common factor of c and n?
11
Let y(g) = -7*g. Let i be y(-1). Let d be -1*1/4 - (-15725)/740. Calculate the greatest common factor of d and i.
7
Let a be (2/4)/((-14)/(-84)). Suppose -m - 8 = -2*p, -16 = a*m + m. What is the greatest common divisor of 10 and p?
2
Let m be ((-30)/8)/(51/(-136)). Suppose -m - 70 = -4*z. Calculate the highest common factor of 60 and z.
20
Let t be (504/98)/(2/42). What is the highest common factor of 12 and t?
12
Suppose 19 - 44 = -5*p. Suppose 2*v + 0*v - 66 = -p*l, -22 = -l + 4*v. What is the greatest common divisor of 7 and l?
7
Suppose 3*l = 5*q + 39, 5*q - 17 = -l - 3*l. Let s = -309 - -333. What is the highest common factor of l and s?
8
Let l = -77 + 90. Let w = l - -33. Calculate the highest common divisor of w and 506.
46
Let m = 1 + 61. Calculate the highest common factor of 62 and m.
62
Let f be 2 + 20/5 + 0. Let j be (3/(-3 + 4))/1. Let n be j/(-6) + (-25)/(-2). Calculate the highest common factor of f and n.
6
Suppose g + 4 = 3*g. Let j be 4 + (-1)/(g/4). Let b be 3 - 4*(-4)/j. What is the greatest common divisor of b and 55?
11
Let r be (1/(0 - 2))/(4/(-9480)). What is the greatest common divisor of 15 and r?
15
Let y be (-5*2*-4)/1. Suppose -32 = -5*s + b + 28, 4*b = -5*s + 60. Let g be s - -1 - (-5 - -2). What is the greatest common factor of y and g?
8
Suppose 4*d = -3 + 11. Suppose -6 - 20 = d*u. Let x = u - -23. What is the highest common factor of 110 and x?
10
Let i(h) = -5*h - 30. Let f = -10 + 3. Let g be i(f). Calculate the highest common factor of g and 5.
5
Let r = -161 + 187. What is the highest common factor of r and 286?
26
Let d be (-8140)/(-99) - 4/18. Suppose h - d = 3*f + 5*h, 118 = -5*f - 2*h. Let y be f*1/(-2)*2. Calculate the greatest common divisor of y and 11.
11
Let x = -10 + 12. Suppose -12*s = -14*s - 4*i + 172, 0 = -x*s + 5*i + 181. What is the greatest common factor of 220 and s?
44
Let m = -1021 - -1117. What is the highest common factor of m and 6?
6
Let i(g) = 2*g**3 - 7*g**2 + 6*g - 9. Let z be i(6). Calculate the greatest common divisor of z and 46.
23
Suppose n = 30 - 26. Let d(y) = 10*y**2 - 5*y + 4. Let s be d(n). What is the greatest common divisor of s and 18?
18
Let l be 5/15*-20*-159. Calculate the highest common divisor of 20 and l.
20
Let k be (66/33)/((-2)/(-12)). Calculate the highest common factor of k and 15.
3
Let c = 102 + -82. Calculate the greatest common divisor of c and 55.
5
Let l = 3 + 254. Let x = l - 181. What is the greatest common factor of x and 19?
19
Suppose 403 - 5707 = -24*b. What is the highest common divisor of 26 and b?
13
Let l = 813 + -795. Suppose 0 = -2*n + 208 + 8. Calculate the greatest common divisor of n and l.
18
Let p = 245 - 165. What is the greatest common factor of 640 and p?
80
Let w = -7070 - -12400. What is the greatest common factor of 82 and w?
82
Let a be 29 + -1 + -1 + 2. Let m be 66 + 11 + 12 + -2. What is the highest common divisor of a and m?
29
Suppose -4*b + 21 = 5. Suppose -6 = -5*z - 2*y - 78, 55 = -b*z + y. Let p(a) = -2*a - 7. Let k be p(z). Calculate the highest common factor of 14 and k.
7
Suppose 0 = 5*x - 5, 2*z - 4*x = -0*z - 22. Let j be -2*(-39)/(-13)*(-10)/6. Let f = j + z. What is the highest common divisor of f and 11?
1
Let w(l) = 9*l + 6. Let h be 2/6*(18 + -3). Let g be w(h). Let s = 2 + 32. What is the greatest common factor of g and s?
17
Let l = -31 - -61. Let i(f) = 7*f - 21. Let d be i(-9). Let g be d/(-10) - 12/l. What is the greatest common factor of g and 20?
4
Let p(y) = -y**3 - 4*y**2 - 6*y - 9. Let g be p(-3). Let z = -3 - -8. Let l be (z - g) + (-4)/2. What is the greatest common divisor of 1 and l?
1
Let w(s) = -237*s**3 - s**2 + 2. Let v be w(-1). What is the greatest common divisor of 17 and v?
17
Suppose 0*x - 925 = -5*x. Let v be 0 - (-223)/3 - (34 - (-2121)/(-63)). What is the greatest common factor of v and x?
37
Let s(a) = a**3 - 4*a**2 - 16. Let m be s(5). Let i = -59 + 97. Suppose -2*c + i = -88. What is the greatest common divisor of m and c?
9
Let s(o) = -3*o**3 + 16*o**2 - 2. Let a be s(5). Calculate the highest common factor of a and 207.
23
Let i be (-1)/(1/(-4) - 2828/(-11376)). What is the greatest common divisor of i and 9?
9
Let y(r) = 4*r**2 - 6*r + 188. Let x be y(13). What is the greatest common factor of 3 and x?
3
Let y(q) be the third derivative of -q**6/60 - q**5/5 - 5*q**4/12 - 2*q**3 - 16*q**2. Let j be y(-6). Calculate the highest common divisor of j and 12.
12
Suppose 9*f + 4*u + 1724 = 13*f, f = 5*u + 415. What is the greatest common divisor of f and 87?
87
Suppose 0 = -0*s + 3*s + 4*w - 88, 0 = -5*s + 5*w + 205. Suppose 0 = 2*y + 10, -16*c = -12*c - 3*y - 31. Calculate the greatest common factor of c and s.
4
Suppose -6*g + 2*g - 9 = 5*z, -2*g = -4*z - 28. Let d be z*((-38)/(-10) + -5). Let s(u) = -4*u. Let a be s(-3). Calculate the highest common divisor of d and a.
6
Let a be (12/20)/(1/15). Suppose 5*o - r - 9 = 0, -5*r + 4*r + a = 4*o. Suppose 0 = 10*f - 10 - 20. Calculate the greatest common divisor of f and o.
1
Let q be ((-2)/(-5))/(1/15). Suppose 5*y + 5*z + 0 = 5, 0 = -4*z + 16. Let o be y/(-9) + 250/6. What is the highest common divisor of q and o?
6
Suppose -56 = 3*r - 3*f - 107, 2*r + 5*f = -1. Calculate the highest common divisor of 18 and r.
6
Suppose -f = 22*f - 19665. What is the greatest common divisor of 45 and f?
45
Let a = -425 + 472. Calculate the greatest common divisor of a and 188.
47
Suppose 5*o + 4*l = -0*o + 87, -l - 72 = -5*o. Calculate the greatest common factor of o and 705.
15
Let r(x) = -16*x**2 - x + 180. Let b be r(0). Calculate the highest common divisor of 120 and b.
60
Suppose 5*c + 25 = 0, c - 1 = -3*j - 3. Let x = -50 + 55. Calculate the greatest common factor of x and j.
1
Suppose 4*r = -z - 4 + 756, 3*r - 557 = z. Suppose 3*b - 2*b = 17. What is the highest common divisor of r and b?
17
Let y = 21 + -21. Suppose u + 3*m - 32 + 11 = 0, 2*u - m - 63 = y. Calculate the highest common factor of 20 and u.
10
Suppose 5 = 2*q - 1. Let o = -24 + 21. Let y be (-23)/o - 2/q. What is the highest common divisor of y and 7?
7
Let m be (-2736)/(-27) + ((-10)/3)/(-5). What is the greatest common divisor of 34 and m?
34
Let l be -5 + 0 - (-1)/1. Let v(b) be the second derivative of -5*b**3/6 + 4*b**2 - 18*b - 1. Let u be v(l). Calculate the greatest common factor of 4 and u.
4
Let h = -43 + 61. What is the greatest common factor of 6 and h?
6
Suppose -3*t + 16 = -17. Suppose -t + 5 = -2*o. Let h = -21 - -27. Calculate the greatest common factor of h and o.
3
Suppose -308 = -3*w + 3*v - 5*v, 2*w + 2*v = 208. Suppose -5*m = -0*m - w. Let y be (-30)/(2/(-1*4)). What is the greatest common factor of y and m?
20
Suppose 5*t + 2*x - 22 = 0, 4*t + 3 - 43 = 4*x. Suppose 0 = -0*g - t*g + 60. Let p(i) = -i + 9. Let q be p(5). Calculate the greatest common factor of q and g.
2
Suppose j + 12 = -2*p, -5*j = -p - 4*p. Let v be (6/j)/(6/(-108)). Calculate the greatest common factor of v and 27.
27
Suppose -c = -i - 77, 0*i = 5*i + 2*c + 406. Let a = -63 - i. Let b be 152 - (0 - 1/1). What is the highest common divisor of a and b?
17
Let z be 12/7*21/6. Suppose 2*q - 24 = 4*p, -2*q + p = z - 15. What is the highest common factor of q and 5?
1
Let b be 222/(-9)*(-7)/((-28)/(-6)). Let r = -34 + b. Calculate the highest common divisor of 21 and r.
3
Let d(v) be the second derivative of -v**3/6 + 4*v. Let l be d(-4). Let h = 341 - 335. Calculate the highest common divisor of l and h.
2
Let i be (-8840)/30*(-1 + (-6)/3). Calculate the greatest common factor of 68 and i.